{"id":163,"date":"2015-12-03T15:39:18","date_gmt":"2015-12-03T15:39:18","guid":{"rendered":"http:\/\/bankgarden.se\/?page_id=163"},"modified":"2015-12-03T15:39:33","modified_gmt":"2015-12-03T15:39:33","slug":"saker-du-inte-trodde-fanns","status":"publish","type":"page","link":"https:\/\/bankgarden.se\/?page_id=163","title":{"rendered":"Saker du inte trodde fanns"},"content":{"rendered":"<p>Under \u00e5r 2012\u00a0visades utst\u00e4llningen &#8221;Saker du inte trodde fanns&#8221; i Gamla Bankg\u00e5rden. H\u00e4r fanns saker som\u00a0l\u00e5nats in\u00a0fr\u00e5n L\u00e4nsmuseet i J\u00f6nk\u00f6ping, saker fr\u00e5n Bankg\u00e5rden och saker som l\u00e5nats fr\u00e5n\u00a0andra innehavare<\/p>\n<p>H\u00e4r kunde man inspireras av alla fantastiska uppfinningar!<\/p>\n<p><a href=\"https:\/\/media.bankgarden.se\/2015\/12\/Utstall_saker1.jpg\"><img loading=\"lazy\" decoding=\"async\" class=\"alignnone size-full wp-image-164\" src=\"https:\/\/media.bankgarden.se\/2015\/12\/Utstall_saker1.jpg\" alt=\"Utstall_saker1\" width=\"700\" height=\"304\" srcset=\"https:\/\/media.bankgarden.se\/2015\/12\/Utstall_saker1.jpg 700w, https:\/\/media.bankgarden.se\/2015\/12\/Utstall_saker1-300x130.jpg 300w\" sizes=\"auto, (max-width: 700px) 100vw, 700px\" \/><\/a> <a href=\"https:\/\/media.bankgarden.se\/2015\/12\/Utstall_saker2.jpg\"><img loading=\"lazy\" decoding=\"async\" class=\"alignnone size-full wp-image-165\" src=\"https:\/\/media.bankgarden.se\/2015\/12\/Utstall_saker2.jpg\" alt=\"Utstall_saker2\" width=\"700\" height=\"435\" srcset=\"https:\/\/media.bankgarden.se\/2015\/12\/Utstall_saker2.jpg 700w, https:\/\/media.bankgarden.se\/2015\/12\/Utstall_saker2-300x186.jpg 300w\" sizes=\"auto, (max-width: 700px) 100vw, 700px\" \/><\/a> <a href=\"https:\/\/media.bankgarden.se\/2015\/12\/Utstall_saker3.jpg\"><img loading=\"lazy\" decoding=\"async\" class=\"alignnone size-full wp-image-166\" src=\"https:\/\/media.bankgarden.se\/2015\/12\/Utstall_saker3.jpg\" alt=\"Utstall_saker3\" width=\"700\" height=\"403\" srcset=\"https:\/\/media.bankgarden.se\/2015\/12\/Utstall_saker3.jpg 700w, https:\/\/media.bankgarden.se\/2015\/12\/Utstall_saker3-300x173.jpg 300w\" sizes=\"auto, (max-width: 700px) 100vw, 700px\" \/><\/a> <a href=\"https:\/\/media.bankgarden.se\/2015\/12\/Utstall_saker4.jpg\"><img loading=\"lazy\" decoding=\"async\" class=\"alignnone size-full wp-image-167\" src=\"https:\/\/media.bankgarden.se\/2015\/12\/Utstall_saker4.jpg\" alt=\"Utstall_saker4\" width=\"700\" height=\"340\" srcset=\"https:\/\/media.bankgarden.se\/2015\/12\/Utstall_saker4.jpg 700w, https:\/\/media.bankgarden.se\/2015\/12\/Utstall_saker4-300x146.jpg 300w\" sizes=\"auto, (max-width: 700px) 100vw, 700px\" \/><\/a><\/p>\n","protected":false},"excerpt":{"rendered":"<p>Under \u00e5r 2012\u00a0visades utst\u00e4llningen &#8221;Saker du inte trodde fanns&#8221; i Gamla Bankg\u00e5rden. H\u00e4r fanns saker som\u00a0l\u00e5nats in\u00a0fr\u00e5n L\u00e4nsmuseet i J\u00f6nk\u00f6ping,<\/p>\n","protected":false},"author":1,"featured_media":0,"parent":0,"menu_order":0,"comment_status":"closed","ping_status":"closed","template":"","meta":{"colormag_page_container_layout":"default_layout","colormag_page_sidebar_layout":"default_layout","footnotes":""},"class_list":["post-163","page","type-page","status-publish","hentry"],"_links":{"self":[{"href":"https:\/\/bankgarden.se\/index.php?rest_route=\/wp\/v2\/pages\/163","targetHints":{"allow":["GET"]}}],"collection":[{"href":"https:\/\/bankgarden.se\/index.php?rest_route=\/wp\/v2\/pages"}],"about":[{"href":"https:\/\/bankgarden.se\/index.php?rest_route=\/wp\/v2\/types\/page"}],"author":[{"embeddable":true,"href":"https:\/\/bankgarden.se\/index.php?rest_route=\/wp\/v2\/users\/1"}],"replies":[{"embeddable":true,"href":"https:\/\/bankgarden.se\/index.php?rest_route=%2Fwp%2Fv2%2Fcomments&post=163"}],"version-history":[{"count":2,"href":"https:\/\/bankgarden.se\/index.php?rest_route=\/wp\/v2\/pages\/163\/revisions"}],"predecessor-version":[{"id":169,"href":"https:\/\/bankgarden.se\/index.php?rest_route=\/wp\/v2\/pages\/163\/revisions\/169"}],"wp:attachment":[{"href":"https:\/\/bankgarden.se\/index.php?rest_route=%2Fwp%2Fv2%2Fmedia&parent=163"}],"curies":[{"name":"wp","href":"https:\/\/api.w.org\/{rel}","templated":true}]}}