{"id":286,"date":"2015-12-15T15:06:06","date_gmt":"2015-12-15T15:06:06","guid":{"rendered":"http:\/\/bankgarden.se\/?page_id=286"},"modified":"2015-12-15T15:06:06","modified_gmt":"2015-12-15T15:06:06","slug":"invigning-071013","status":"publish","type":"page","link":"https:\/\/bankgarden.se\/?page_id=286","title":{"rendered":"Invigning 071013"},"content":{"rendered":"<p>Den 13 oktober 2007 invigdes tv\u00e5 nya museer i Gamla Bankg\u00e5rden i Vrigstad. Inledningstalare var Stig Marz, vice ordf\u00f6rande i Stiftelsen Gamla Bankg\u00e5rden i Vrigstad.<\/p>\n<p>Den formella invigningen, med klippning av det bl\u00e5gula bandet, gjordes av L\u00e4nsmuseets chef Kristina Jansson.<br \/>\n<a href=\"https:\/\/media.bankgarden.se\/2015\/12\/Bank_invign07.jpg\" rel=\"attachment wp-att-287\"><img loading=\"lazy\" decoding=\"async\" class=\"alignnone size-full wp-image-287\" src=\"https:\/\/media.bankgarden.se\/2015\/12\/Bank_invign07.jpg\" alt=\"Bank_invign07\" width=\"700\" height=\"475\" srcset=\"https:\/\/media.bankgarden.se\/2015\/12\/Bank_invign07.jpg 700w, https:\/\/media.bankgarden.se\/2015\/12\/Bank_invign07-300x204.jpg 300w\" sizes=\"auto, (max-width: 700px) 100vw, 700px\" \/><\/a><br \/>\nSitt invigningstal avslutade Kristina Jansson s\u00e5 h\u00e4r:<br \/>\n&#8221;Bankverksamhet handlar om att f\u00f6rvalta, investera och f\u00e5 avs\u00e4ttning p\u00e5 kapitalet. Det g\u00f6r kulturarvsarbete ocks\u00e5. H\u00e4r i Vrigstad har ni f\u00f6rvaltat de gamla byggnaderna och ni har investerat pengar, tid och kunnande f\u00f6r att ber\u00e4tta om dem f\u00f6r oss. Avkastningen \u00e4r detta mycket fina museum d\u00e4r &#8221;n\u00e4rhistorien&#8221; &#8211; den som finns runt oss och som vi alla \u00e4r en del av &#8211; g\u00f6rs levande och d\u00e4rmed meningsfull. P\u00e5 l\u00e4nsmuseet \u00e4r vi mycket positiva till det lokala kulturarvsarbetet, och stolta \u00f6ver de m\u00e5nga fina lokala museer som finns i l\u00e4net. Vi vill g\u00e4rna samarbeta med er f\u00f6r till syvende och sist har vi en gemensam uppgift att visa att investeringar i kulturarvet ger utdelning, och att den framtida vinstprognosen f\u00f6r s\u00e5dana investeringar \u00e4r mycket god.<br \/>\nMed dessa ord \u00e5terst\u00e5r f\u00f6r mig inte stort mer \u00e4n att \u00f6nska lycka till och att h\u00e4rmed f\u00f6rklara Gamla Bankg\u00e5rden med sina nytillskott f\u00f6r \u00e5terinvigd.&#8221;<\/p>\n<p>Vid invigningen deltog \u00e4ven representanter f\u00f6r Sparbanksstiftelsen Alfa, S\u00e4vsj\u00f6 kommun och andra samarbetspartners.<\/p>\n","protected":false},"excerpt":{"rendered":"<p>Den 13 oktober 2007 invigdes tv\u00e5 nya museer i Gamla Bankg\u00e5rden i Vrigstad. Inledningstalare var Stig Marz, vice ordf\u00f6rande i<\/p>\n","protected":false},"author":1,"featured_media":0,"parent":0,"menu_order":0,"comment_status":"closed","ping_status":"closed","template":"","meta":{"colormag_page_container_layout":"default_layout","colormag_page_sidebar_layout":"default_layout","footnotes":""},"class_list":["post-286","page","type-page","status-publish","hentry"],"_links":{"self":[{"href":"https:\/\/bankgarden.se\/index.php?rest_route=\/wp\/v2\/pages\/286","targetHints":{"allow":["GET"]}}],"collection":[{"href":"https:\/\/bankgarden.se\/index.php?rest_route=\/wp\/v2\/pages"}],"about":[{"href":"https:\/\/bankgarden.se\/index.php?rest_route=\/wp\/v2\/types\/page"}],"author":[{"embeddable":true,"href":"https:\/\/bankgarden.se\/index.php?rest_route=\/wp\/v2\/users\/1"}],"replies":[{"embeddable":true,"href":"https:\/\/bankgarden.se\/index.php?rest_route=%2Fwp%2Fv2%2Fcomments&post=286"}],"version-history":[{"count":1,"href":"https:\/\/bankgarden.se\/index.php?rest_route=\/wp\/v2\/pages\/286\/revisions"}],"predecessor-version":[{"id":288,"href":"https:\/\/bankgarden.se\/index.php?rest_route=\/wp\/v2\/pages\/286\/revisions\/288"}],"wp:attachment":[{"href":"https:\/\/bankgarden.se\/index.php?rest_route=%2Fwp%2Fv2%2Fmedia&parent=286"}],"curies":[{"name":"wp","href":"https:\/\/api.w.org\/{rel}","templated":true}]}}