{"id":440,"date":"2016-04-03T15:33:37","date_gmt":"2016-04-03T15:33:37","guid":{"rendered":"http:\/\/bankgarden.se\/?page_id=440"},"modified":"2016-04-03T15:33:37","modified_gmt":"2016-04-03T15:33:37","slug":"valbesokt-invigning-av-2016-ars-utstallning","status":"publish","type":"page","link":"https:\/\/bankgarden.se\/?page_id=440","title":{"rendered":"V\u00e4lbes\u00f6kt invigning av 2016 \u00e5rs utst\u00e4llning"},"content":{"rendered":"<p>S\u00f6ndagen den 3 april invigdes 2016 \u00e5rs utst\u00e4llning av Radiomuseets chef Bo E Karlsson. I invigningstalet framh\u00f6ll Bo utst\u00e4llningens syfte &#8211; att f\u00f6rmedla teknikens historia.<br \/>\n<img loading=\"lazy\" decoding=\"async\" class=\"alignnone size-full wp-image-444\" src=\"https:\/\/media.bankgarden.se\/Utstall_160403_4.jpg\" alt=\"Utstall_160403_4\" width=\"800\" height=\"547\" srcset=\"https:\/\/media.bankgarden.se\/Utstall_160403_4.jpg 800w, https:\/\/media.bankgarden.se\/Utstall_160403_4-300x205.jpg 300w\" sizes=\"auto, (max-width: 800px) 100vw, 800px\" \/><\/p>\n<p>Bo Karlsson gav en tillbakablick p\u00e5 Radiomuseets historia. Man har l\u00e4mnat sina lokaler p\u00e5 T\u00e4ndsticksomr\u00e5det i J\u00f6nk\u00f6ping och kommer att finnas i andra lokaler fram\u00f6ver. I utst\u00e4llningen, som \u00e4r en del av Radiomuseets inventarier,\u00a0vill man spegla n\u00e4r radion och ljudet kom till Vrigstad. I utst\u00e4llningen finns bl.a. en tidningsartikel om ett lyckat test d\u00e5 man\u00a0fick h\u00f6ra radio i Vrigstad 1924, ett \u00e5r innan\u00a0Sveriges Radio startade sina s\u00e4ndningar. I utst\u00e4llningen finns ocks\u00e5 fonografer, som uppfanns i USA p\u00e5 1870-talet. Grammofonen kom vid sekelskiftet och p\u00e5 30-talet introducerades en kombination av radio och grammofon. Resegrammofonen blev popul\u00e4r p\u00e5 40-talet. I utst\u00e4llningen finns \u00e4ven tidiga TV-apparater. De riktiga s\u00e4ndningarna TV-startade 1958, men innan dess kunde man titta p\u00e5 TV fr\u00e5n bl.a. Danmark.<\/p>\n<figure id=\"attachment_443\" aria-describedby=\"caption-attachment-443\" style=\"width: 800px\" class=\"wp-caption alignnone\"><img loading=\"lazy\" decoding=\"async\" class=\"wp-image-443 size-full\" src=\"https:\/\/media.bankgarden.se\/Utstall_160403_3.jpg\" alt=\"F\u00f6re Bo Karlssons invigningstal hade Stiftelsen Gamla Bankg\u00e5rdens ordf\u00f6rande Mats Carlsson h\u00e4lsat v\u00e4lkommen och ber\u00e4ttar om stiftelsens arbete.\" width=\"800\" height=\"547\" srcset=\"https:\/\/media.bankgarden.se\/Utstall_160403_3.jpg 800w, https:\/\/media.bankgarden.se\/Utstall_160403_3-300x205.jpg 300w\" sizes=\"auto, (max-width: 800px) 100vw, 800px\" \/><figcaption id=\"caption-attachment-443\" class=\"wp-caption-text\">F\u00f6re Bo Karlssons invigningstal hade Stiftelsen Gamla Bankg\u00e5rdens ordf\u00f6rande Mats Carlsson h\u00e4lsat v\u00e4lkommen och ber\u00e4ttat om stiftelsens arbete.<\/figcaption><\/figure>\n<p>&nbsp;<\/p>\n<figure id=\"attachment_441\" aria-describedby=\"caption-attachment-441\" style=\"width: 800px\" class=\"wp-caption alignnone\"><img loading=\"lazy\" decoding=\"async\" class=\"size-full wp-image-441\" src=\"https:\/\/media.bankgarden.se\/Utstall_160403_1.jpg\" alt=\"Under invigningen bj\u00f6d Stiftelsen l\u00e4mpligt nog p\u00e5 radiokaka. P\u00e5 bilden serverar Barbro Lindegren n\u00e5gra av bes\u00f6karna.\" width=\"800\" height=\"547\" srcset=\"https:\/\/media.bankgarden.se\/Utstall_160403_1.jpg 800w, https:\/\/media.bankgarden.se\/Utstall_160403_1-300x205.jpg 300w\" sizes=\"auto, (max-width: 800px) 100vw, 800px\" \/><figcaption id=\"caption-attachment-441\" class=\"wp-caption-text\">Under invigningen bj\u00f6d Stiftelsen l\u00e4mpligt nog p\u00e5 radiokaka. P\u00e5 bilden serverar Barbro Lindegren n\u00e5gra av bes\u00f6karna.<\/figcaption><\/figure>\n<p>&nbsp;<\/p>\n<figure id=\"attachment_445\" aria-describedby=\"caption-attachment-445\" style=\"width: 800px\" class=\"wp-caption alignnone\"><img loading=\"lazy\" decoding=\"async\" class=\"wp-image-445 size-full\" src=\"https:\/\/media.bankgarden.se\/Utstall_160403_5.jpg\" alt=\"Bo Karlsson spelade upp gamla 78-varvare p\u00e5 en av trattgrammofonerna.\" width=\"800\" height=\"547\" srcset=\"https:\/\/media.bankgarden.se\/Utstall_160403_5.jpg 800w, https:\/\/media.bankgarden.se\/Utstall_160403_5-300x205.jpg 300w\" sizes=\"auto, (max-width: 800px) 100vw, 800px\" \/><figcaption id=\"caption-attachment-445\" class=\"wp-caption-text\">Bo Karlsson spelade upp gamla 78-varvare p\u00e5 en av trattgrammofonerna.<\/figcaption><\/figure>\n<figure id=\"attachment_446\" aria-describedby=\"caption-attachment-446\" style=\"width: 800px\" class=\"wp-caption alignnone\"><img loading=\"lazy\" decoding=\"async\" class=\"size-full wp-image-446\" src=\"https:\/\/media.bankgarden.se\/Utstall_160403_6.jpg\" alt=\"Intresset var stort f\u00f6r att titta p\u00e5 de gamla apparaterna och de minnen de var f\u00f6rknippade med.\" width=\"800\" height=\"547\" srcset=\"https:\/\/media.bankgarden.se\/Utstall_160403_6.jpg 800w, https:\/\/media.bankgarden.se\/Utstall_160403_6-300x205.jpg 300w\" sizes=\"auto, (max-width: 800px) 100vw, 800px\" \/><figcaption id=\"caption-attachment-446\" class=\"wp-caption-text\">Intresset var stort f\u00f6r att titta p\u00e5 de gamla apparaterna och de minnen de var f\u00f6rknippade med.<\/figcaption><\/figure>\n<p>&nbsp;<\/p>\n","protected":false},"excerpt":{"rendered":"<p>S\u00f6ndagen den 3 april invigdes 2016 \u00e5rs utst\u00e4llning av Radiomuseets chef Bo E Karlsson. I invigningstalet framh\u00f6ll Bo utst\u00e4llningens syfte<\/p>\n","protected":false},"author":1,"featured_media":0,"parent":0,"menu_order":0,"comment_status":"closed","ping_status":"closed","template":"","meta":{"colormag_page_container_layout":"default_layout","colormag_page_sidebar_layout":"default_layout","footnotes":""},"class_list":["post-440","page","type-page","status-publish","hentry"],"_links":{"self":[{"href":"https:\/\/bankgarden.se\/index.php?rest_route=\/wp\/v2\/pages\/440","targetHints":{"allow":["GET"]}}],"collection":[{"href":"https:\/\/bankgarden.se\/index.php?rest_route=\/wp\/v2\/pages"}],"about":[{"href":"https:\/\/bankgarden.se\/index.php?rest_route=\/wp\/v2\/types\/page"}],"author":[{"embeddable":true,"href":"https:\/\/bankgarden.se\/index.php?rest_route=\/wp\/v2\/users\/1"}],"replies":[{"embeddable":true,"href":"https:\/\/bankgarden.se\/index.php?rest_route=%2Fwp%2Fv2%2Fcomments&post=440"}],"version-history":[{"count":1,"href":"https:\/\/bankgarden.se\/index.php?rest_route=\/wp\/v2\/pages\/440\/revisions"}],"predecessor-version":[{"id":448,"href":"https:\/\/bankgarden.se\/index.php?rest_route=\/wp\/v2\/pages\/440\/revisions\/448"}],"wp:attachment":[{"href":"https:\/\/bankgarden.se\/index.php?rest_route=%2Fwp%2Fv2%2Fmedia&parent=440"}],"curies":[{"name":"wp","href":"https:\/\/api.w.org\/{rel}","templated":true}]}}

Välbesökt invigning av 2016 års utställning

<p>Söndagen den 3 april invigdes 2016 års utställning av Radiomuseets chef Bo E Karlsson. I invigningstalet framhöll Bo utställningens syfte &#8211; att förmedla teknikens historia.<br />
<img loading="lazy" decoding="async" class="alignnone size-full wp-image-444" src="https://media.bankgarden.se/Utstall_160403_4.jpg" alt="Utstall_160403_4" width="800" height="547" srcset="https://media.bankgarden.se/Utstall_160403_4.jpg 800w, https://media.bankgarden.se/Utstall_160403_4-300x205.jpg 300w" sizes="auto, (max-width: 800px) 100vw, 800px" /></p>
<p>Bo Karlsson gav en tillbakablick på Radiomuseets historia. Man har lämnat sina lokaler på Tändsticksområdet i Jönköping och kommer att finnas i andra lokaler framöver. I utställningen, som är en del av Radiomuseets inventarier, vill man spegla när radion och ljudet kom till Vrigstad. I utställningen finns bl.a. en tidningsartikel om ett lyckat test då man fick höra radio i Vrigstad 1924, ett år innan Sveriges Radio startade sina sändningar. I utställningen finns också fonografer, som uppfanns i USA på 1870-talet. Grammofonen kom vid sekelskiftet och på 30-talet introducerades en kombination av radio och grammofon. Resegrammofonen blev populär på 40-talet. I utställningen finns även tidiga TV-apparater. De riktiga sändningarna TV-startade 1958, men innan dess kunde man titta på TV från bl.a. Danmark.</p>
<figure id="attachment_443" aria-describedby="caption-attachment-443" style="width: 800px" class="wp-caption alignnone"><img loading="lazy" decoding="async" class="wp-image-443 size-full" src="https://media.bankgarden.se/Utstall_160403_3.jpg" alt="Före Bo Karlssons invigningstal hade Stiftelsen Gamla Bankgårdens ordförande Mats Carlsson hälsat välkommen och berättar om stiftelsens arbete." width="800" height="547" srcset="https://media.bankgarden.se/Utstall_160403_3.jpg 800w, https://media.bankgarden.se/Utstall_160403_3-300x205.jpg 300w" sizes="auto, (max-width: 800px) 100vw, 800px" /><figcaption id="caption-attachment-443" class="wp-caption-text">Före Bo Karlssons invigningstal hade Stiftelsen Gamla Bankgårdens ordförande Mats Carlsson hälsat välkommen och berättat om stiftelsens arbete.</figcaption></figure>
<p>&nbsp;</p>
<figure id="attachment_441" aria-describedby="caption-attachment-441" style="width: 800px" class="wp-caption alignnone"><img loading="lazy" decoding="async" class="size-full wp-image-441" src="https://media.bankgarden.se/Utstall_160403_1.jpg" alt="Under invigningen bjöd Stiftelsen lämpligt nog på radiokaka. På bilden serverar Barbro Lindegren några av besökarna." width="800" height="547" srcset="https://media.bankgarden.se/Utstall_160403_1.jpg 800w, https://media.bankgarden.se/Utstall_160403_1-300x205.jpg 300w" sizes="auto, (max-width: 800px) 100vw, 800px" /><figcaption id="caption-attachment-441" class="wp-caption-text">Under invigningen bjöd Stiftelsen lämpligt nog på radiokaka. På bilden serverar Barbro Lindegren några av besökarna.</figcaption></figure>
<p>&nbsp;</p>
<figure id="attachment_445" aria-describedby="caption-attachment-445" style="width: 800px" class="wp-caption alignnone"><img loading="lazy" decoding="async" class="wp-image-445 size-full" src="https://media.bankgarden.se/Utstall_160403_5.jpg" alt="Bo Karlsson spelade upp gamla 78-varvare på en av trattgrammofonerna." width="800" height="547" srcset="https://media.bankgarden.se/Utstall_160403_5.jpg 800w, https://media.bankgarden.se/Utstall_160403_5-300x205.jpg 300w" sizes="auto, (max-width: 800px) 100vw, 800px" /><figcaption id="caption-attachment-445" class="wp-caption-text">Bo Karlsson spelade upp gamla 78-varvare på en av trattgrammofonerna.</figcaption></figure>
<figure id="attachment_446" aria-describedby="caption-attachment-446" style="width: 800px" class="wp-caption alignnone"><img loading="lazy" decoding="async" class="size-full wp-image-446" src="https://media.bankgarden.se/Utstall_160403_6.jpg" alt="Intresset var stort för att titta på de gamla apparaterna och de minnen de var förknippade med." width="800" height="547" srcset="https://media.bankgarden.se/Utstall_160403_6.jpg 800w, https://media.bankgarden.se/Utstall_160403_6-300x205.jpg 300w" sizes="auto, (max-width: 800px) 100vw, 800px" /><figcaption id="caption-attachment-446" class="wp-caption-text">Intresset var stort för att titta på de gamla apparaterna och de minnen de var förknippade med.</figcaption></figure>
<p>&nbsp;</p>

<p>Söndagen den 3 april invigdes 2016 års utställning av Radiomuseets chef Bo E Karlsson. I invigningstalet framhöll Bo utställningens syfte</p>
